{"id":2988,"date":"2019-05-07T01:22:37","date_gmt":"2019-05-07T05:22:37","guid":{"rendered":"https:\/\/ovpoficinasvirtualpyme.cl\/laserena\/?page_id=2988"},"modified":"2025-08-25T18:23:03","modified_gmt":"2025-08-25T22:23:03","slug":"precios-planes","status":"publish","type":"page","link":"https:\/\/tudomicilioenundia.cl\/laserena\/precios-planes\/","title":{"rendered":"Precios Planes | La Serena desde $14.990"},"content":{"rendered":"<p><section class=\"kc-elm kc-css-671060 kc_row\"><div class=\"kc-row-container  kc-container\"><div class=\"kc-wrap-columns\"><div class=\"kc-elm kc-css-593255 kc_col-sm-12 kc_column kc_col-sm-12\"><div class=\"kc-col-container\"><div class=\"kc-elm kc-css-38854\" style=\"height: 70px; clear: both; width:100%;\"><\/div>\n<div class=\"kc-elm kc-css-528623 kc-title-wrap \">\n\n\t<h1 class=\"kc_title\">Planes Oficina Virtual en La Serena<\/h1>\n<\/div>\n\n<div class=\"kc-elm kc-css-714848 divider_line\">\n\t<div class=\"divider_inner divider_line1\">\n\t\t\t<\/div>\n<\/div>\n<\/div><\/div><\/div><\/div><\/section><section class=\"kc-elm kc-css-921276 kc_row\"><div class=\"kc-row-container  kc-container\"><div class=\"kc-wrap-columns\"><div class=\"kc-elm kc-css-416657 kc_col-sm-3 kc_column kc_col-sm-3\"><div class=\"kc-col-container\">\n<div class=\"kc-elm kc-css-211717 kc-pricing-tables kc-pricing-layout-1\">\n\n\t<div class=\"header-pricing\"><div class=\"content-title\">Plan inicial<\/div><div class=\"kc-pricing-price\"><span class=\"content-currency\">$<\/span><span class=\"content-price\">14.990<\/span><span class=\"content-duration\">\/mes<\/span><\/div><\/div><ul class=\"content-desc\"><li><i class=\"fa-check\"><\/i> Domicilio Tributario Servicio Impuestos Internos \r <\/li><li><i class=\"fa-check\"><\/i> Domicilio Patente Municipal\r <\/li><li><i class=\"fa-check\"><\/i> Domicilio Comercial\r <\/li><li><i class=\"fa-check\"><\/i> 1 Hora (Uso f\u00edsico de oficinas) <\/li><\/ul><div class=\"content-button\"><a href=\"\/laserena\/plan-inicial\/\">Comprar ahora<\/a><\/div>\n<\/div>\n<\/div><\/div><div class=\"kc-elm kc-css-387032 kc_col-sm-3 kc_column kc_col-sm-3\"><div class=\"kc-col-container\">\n<div class=\"kc-elm kc-css-309545 kc-pricing-tables kc-pricing-layout-1\">\n\n\t<div class=\"header-pricing\"><div class=\"content-title\">Plan Pyme<\/div><div class=\"kc-pricing-price\"><span class=\"content-currency\">$<\/span><span class=\"content-price\">24.990<\/span><span class=\"content-duration\">\/mes<\/span><\/div><\/div><ul class=\"content-desc\"><li><i class=\"fa-check\"><\/i> Domicilio Tributario Servicio Impuestos Internos \r <\/li><li><i class=\"fa-check\"><\/i> Domicilio Patente Municipal\r <\/li><li><i class=\"fa-check\"><\/i> Domicilio Comercial\r <\/li><li><i class=\"fa-check\"><\/i> Recepci\u00f3n de Correspondencia Est\u00e1ndar\r <\/li><li><i class=\"fa-check\"><\/i> Atenci\u00f3n Presencial de Clientes Est\u00e1ndar\r <\/li><li><i class=\"fa-check\"><\/i> 50 Impresiones & Coffe Ilimitado\r <\/li><li><i class=\"fa-check\"><\/i> 4 Horas (Uso f\u00edsico de oficinas) <\/li><\/ul><div class=\"content-button\"><a href=\"\/laserena\/plan-pyme\/\">Comprar ahora<\/a><\/div>\n<\/div>\n<\/div><\/div><div class=\"kc-elm kc-css-79506 kc_col-sm-3 kc_column kc_col-sm-3\"><div class=\"kc-col-container\">\n<div class=\"kc-elm kc-css-437215 kc-pricing-tables kc-pricing-layout-1\">\n\n\t<div class=\"header-pricing\"><div class=\"content-title\">Plan Empresarial<\/div><div class=\"kc-pricing-price\"><span class=\"content-currency\">$<\/span><span class=\"content-price\">41.990<\/span><span class=\"content-duration\">\/mes<\/span><\/div><\/div><ul class=\"content-desc\"><li><i class=\"fa-check\"><\/i> Domicilio Tributario Servicio Impuestos Internos\r <\/li><li><i class=\"fa-check\"><\/i> Domicilio Patente Municipal\r <\/li><li><i class=\"fa-check\"><\/i> Domicilio Comercial\r <\/li><li><i class=\"fa-check\"><\/i> Recepci\u00f3n de Correspondencia Est\u00e1ndar\r <\/li><li><i class=\"fa-check\"><\/i> Atenci\u00f3n Presencial de Clientes Est\u00e1ndar\r <\/li><li><i class=\"fa-check\"><\/i> Secretaria Telef\u00f3nica Est\u00e1ndar\r <\/li><li><i class=\"fa-check\"><\/i> N\u00ba Telef\u00f3nico\r <\/li><li><i class=\"fa-check\"><\/i> 100 Impresiones & Coffe Ilimitado\r <\/li><li><i class=\"fa-check\"><\/i> 8 Horas (Uso f\u00edsico de oficinas) <\/li><\/ul><div class=\"content-button\"><a href=\"\/laserena\/plan-empresarial\/\">Comprar ahora<\/a><\/div>\n<\/div>\n<\/div><\/div><div class=\"kc-elm kc-css-572862 kc_col-sm-3 kc_column kc_col-sm-3\"><div class=\"kc-col-container\">\n<div class=\"kc-elm kc-css-383995 kc-pricing-tables kc-pricing-layout-1\">\n\n\t<div class=\"header-pricing\"><div class=\"content-title\">Plan Para Siempre<\/div><div class=\"kc-pricing-price\"><span class=\"content-currency\">$<\/span><span class=\"content-price\">349.990<\/span><span class=\"content-duration\">\/\u00fanico pago<\/span><\/div><\/div><ul class=\"content-desc\"><li><i class=\"fa-check\"><\/i> Beneficios del Plan Pyme de por vida.\r <\/li><li><i class=\"fa-check\"><\/i> Paga solo una vez, sin cuotas mensuales.\r <\/li><li><i class=\"fa-check\"><\/i> Contrataci\u00f3n 100% online y sin complicaciones. <\/li><\/ul><div class=\"content-button\"><a href=\"\/laserena\/plan-para-siempre\/\">Comprar ahora<\/a><\/div>\n<\/div>\n<\/div><\/div><\/div><\/div><\/section><section data-kc-equalheight=\"true\" data-kc-equalheight-align=\"middle\" class=\"kc-elm kc-css-465215 kc_row\"><div class=\"kc-row-container  kc-container\"><div class=\"kc-wrap-columns\"><div class=\"kc-elm kc-css-368380 kc_col-sm-12 kc_column kc_col-sm-12\"><div class=\"kc-col-container\"><div class=\"kc-elm kc-css-36372\" style=\"height: 30px; clear: both; width:100%;\"><\/div>\n<div class=\"kc-elm kc-css-414995 kc-title-wrap \">\n\n\t<h3 class=\"kc_title\">Servicios Adicionales<\/h3>\n<\/div>\n\n<div class=\"kc-elm kc-css-867189 divider_line\">\n\t<div class=\"divider_inner divider_line2\">\n\t\t<i class=\"ti-plus\"><\/i>\t<\/div>\n<\/div>\n\n<div class=\"kc-elm kc-css-269371 kc-call-to-action kc-cta-2 kc-is-button\">\n\n\t<div class=\"kc-cta-desc\"><h2>Secretaria Virtual Dedicada: $50.000\/mes<\/h2><div class=\"kc-cta-text\">Atendemos tus llamadas con un trato 100% personalizado, d\u00e1ndole a tu negocio la atenci\u00f3n que se merece. Te asignamos un n\u00famero telef\u00f3nico exclusivo que puedes utilizar en toda tu imagen corporativa y la posibilidad de desviar llamadas directamente a tu celular para que nunca pierdas un contacto importante. Puedes proporcionarnos respuestas a 5 preguntas frecuentes para asegurar que cada interacci\u00f3n siga tus indicaciones.<\/div><\/div><div class=\"kc-cta-button\"><a href=\"https:\/\/tudomicilioenundia.cl\/laserena\/precios-planes\/?add-to-cart=20988\" title=\"Compra Segura\">A\u00f1adir Ahora<\/a><\/div>\n<\/div>\n<div class=\"kc-elm kc-css-770484\" style=\"height: 20px; clear: both; width:100%;\"><\/div>\n<div class=\"kc-elm kc-css-391404 kc-call-to-action kc-cta-2 kc-is-button\">\n\n\t<div class=\"kc-cta-desc\"><h2>Atenci\u00f3n Presencial Personalizada: $65.000\/mes<\/h2><div class=\"kc-cta-text\">Recibe a tus clientes en nuestras oficinas con un trato profesional y personalizado. Nos encargamos de recibir y atender a tus visitantes como si fueran propios, asegurando que cada interacci\u00f3n refleje la imagen profesional de tu negocio. Sin necesidad de tener un espacio f\u00edsico propio, tendr\u00e1s la tranquilidad de contar con un equipo que gestione la atenci\u00f3n presencial de manera eficiente y cordial. Puedes proporcionarnos respuestas a 5 preguntas frecuentes para asegurar que cada interacci\u00f3n siga tus indicaciones.<\/div><\/div><div class=\"kc-cta-button\"><a href=\"https:\/\/tudomicilioenundia.cl\/laserena\/precios-planes\/?add-to-cart=20989\" title=\"Compra Segura\">A\u00f1adir ahora<\/a><\/div>\n<\/div>\n<div class=\"kc-elm kc-css-481433\" style=\"height: 20px; clear: both; width:100%;\"><\/div>\n<div class=\"kc-elm kc-css-234610 kc-call-to-action kc-cta-2 kc-is-button\">\n\n\t<div class=\"kc-cta-desc\"><h2>Recepci\u00f3n Correspondencia Dedicada: $50.000\/mes<\/h2><div class=\"kc-cta-text\">Gestionamos toda la correspondencia de tu empresa de manera profesional. Recibimos cartas y documentos en nuestras oficinas, los digitalizamos y los enviamos a tu correo electr\u00f3nico para que siempre est\u00e9s al tanto. Adem\u00e1s, ofrecemos la opci\u00f3n de reenviar los documentos f\u00edsicos a la direcci\u00f3n que prefieras.<\/div><\/div><div class=\"kc-cta-button\"><a href=\"https:\/\/tudomicilioenundia.cl\/laserena\/precios-planes\/?add-to-cart=20990\" title=\"Compra Segura\">A\u00f1adir Ahora<\/a><\/div>\n<\/div>\n<div class=\"kc-elm kc-css-103837\" style=\"height: 40px; clear: both; width:100%;\"><\/div><div class=\"kc-elm kc-css-589176\" style=\"height: 40px; clear: both; width:100%;\"><\/div><\/div><\/div><\/div><\/div><\/section><section class=\"kc-elm kc-css-13400 kc_row\"><div class=\"kc-row-container\"><div class=\"kc-wrap-columns\"><div class=\"kc-elm kc-css-131967 kc_col-sm-12 kc_column kc_col-sm-12\"><div class=\"kc-col-container\"><div class=\"kc-elm kc-css-11544 kc-feature-boxes kc-fb-layout-2\">\n\n\t<div class=\"content-title\">Arriendo de Salas de Reuni\u00f3n y Oficinas Privadas<\/div><div class=\"content-desc\">Si lo que necesitas es un espacio para tus reuniones de negocios, puedes arrendarlo desde solo $4.000 por hora.<\/div><div class=\"content-button\"><a href=\"https:\/\/tudomicilioenundia.cl\/laserena\/paquetes-horas\/\" target=\"_blank\" title=\"Paquetes Horas\">Descubre nuestras ofertas<\/a><\/div>\n<\/div>\n<\/div><\/div><\/div><\/div><\/section><\/p>\n","protected":false},"excerpt":{"rendered":"","protected":false},"author":1,"featured_media":0,"parent":0,"menu_order":0,"comment_status":"closed","ping_status":"closed","template":"tpl-footer_v2.php","meta":{"footnotes":""},"class_list":["post-2988","page","type-page","status-publish","hentry"],"yoast_head":"<!-- This site is optimized with the Yoast SEO plugin v27.4 - https:\/\/yoast.com\/product\/yoast-seo-wordpress\/ -->\n<title>Precios Planes | La Serena desde $14.990 - tudomicilioenundia<\/title>\n<meta name=\"description\" content=\"Planes Oficina Virtual desde $17.990. Contrato en 24 Hrs. Ahorra m\u00e1s contratando Online. Incluye horas Sala de reuni\u00f3n y Oficina privada.\" \/>\n<meta name=\"robots\" content=\"index, follow, max-snippet:-1, max-image-preview:large, max-video-preview:-1\" \/>\n<link rel=\"canonical\" href=\"https:\/\/tudomicilioenundia.cl\/laserena\/precios-planes\/\" \/>\n<meta property=\"og:locale\" content=\"es_ES\" \/>\n<meta property=\"og:type\" content=\"article\" \/>\n<meta property=\"og:title\" content=\"Precios Planes | La Serena desde $14.990 - tudomicilioenundia\" \/>\n<meta property=\"og:description\" content=\"Planes Oficina Virtual desde $17.990. Contrato en 24 Hrs. Ahorra m\u00e1s contratando Online. Incluye horas Sala de reuni\u00f3n y Oficina privada.\" \/>\n<meta property=\"og:url\" content=\"https:\/\/tudomicilioenundia.cl\/laserena\/precios-planes\/\" \/>\n<meta property=\"og:site_name\" content=\"tudomicilioenundia\" \/>\n<meta property=\"article:publisher\" content=\"https:\/\/www.facebook.com\/ovpvirtualpyme\/\" \/>\n<meta property=\"article:modified_time\" content=\"2025-08-25T22:23:03+00:00\" \/>\n<meta name=\"twitter:card\" content=\"summary_large_image\" \/>\n<meta name=\"twitter:label1\" content=\"Tiempo de lectura\" \/>\n\t<meta name=\"twitter:data1\" content=\"3 minutos\" \/>\n<script type=\"application\/ld+json\" class=\"yoast-schema-graph\">{\"@context\":\"https:\\\/\\\/schema.org\",\"@graph\":[{\"@type\":\"WebPage\",\"@id\":\"https:\\\/\\\/tudomicilioenundia.cl\\\/laserena\\\/precios-planes\\\/\",\"url\":\"https:\\\/\\\/tudomicilioenundia.cl\\\/laserena\\\/precios-planes\\\/\",\"name\":\"Precios Planes | La Serena desde $14.990 - tudomicilioenundia\",\"isPartOf\":{\"@id\":\"https:\\\/\\\/tudomicilioenundia.cl\\\/laserena\\\/#website\"},\"datePublished\":\"2019-05-07T05:22:37+00:00\",\"dateModified\":\"2025-08-25T22:23:03+00:00\",\"description\":\"Planes Oficina Virtual desde $17.990. Contrato en 24 Hrs. Ahorra m\u00e1s contratando Online. Incluye horas Sala de reuni\u00f3n y Oficina privada.\",\"breadcrumb\":{\"@id\":\"https:\\\/\\\/tudomicilioenundia.cl\\\/laserena\\\/precios-planes\\\/#breadcrumb\"},\"inLanguage\":\"es\",\"potentialAction\":[{\"@type\":\"ReadAction\",\"target\":[\"https:\\\/\\\/tudomicilioenundia.cl\\\/laserena\\\/precios-planes\\\/\"]}]},{\"@type\":\"BreadcrumbList\",\"@id\":\"https:\\\/\\\/tudomicilioenundia.cl\\\/laserena\\\/precios-planes\\\/#breadcrumb\",\"itemListElement\":[{\"@type\":\"ListItem\",\"position\":1,\"name\":\"Portada\",\"item\":\"https:\\\/\\\/tudomicilioenundia.cl\\\/laserena\\\/\"},{\"@type\":\"ListItem\",\"position\":2,\"name\":\"Precios Planes | La Serena desde $14.990\"}]},{\"@type\":\"WebSite\",\"@id\":\"https:\\\/\\\/tudomicilioenundia.cl\\\/laserena\\\/#website\",\"url\":\"https:\\\/\\\/tudomicilioenundia.cl\\\/laserena\\\/\",\"name\":\"tudomicilioenundia\",\"description\":\"Domicilio Comercial y Tributario\",\"publisher\":{\"@id\":\"https:\\\/\\\/tudomicilioenundia.cl\\\/laserena\\\/#organization\"},\"potentialAction\":[{\"@type\":\"SearchAction\",\"target\":{\"@type\":\"EntryPoint\",\"urlTemplate\":\"https:\\\/\\\/tudomicilioenundia.cl\\\/laserena\\\/?s={search_term_string}\"},\"query-input\":{\"@type\":\"PropertyValueSpecification\",\"valueRequired\":true,\"valueName\":\"search_term_string\"}}],\"inLanguage\":\"es\"},{\"@type\":\"Organization\",\"@id\":\"https:\\\/\\\/tudomicilioenundia.cl\\\/laserena\\\/#organization\",\"name\":\"Tudomicilioenundia La Serena\",\"url\":\"https:\\\/\\\/tudomicilioenundia.cl\\\/laserena\\\/\",\"logo\":{\"@type\":\"ImageObject\",\"inLanguage\":\"es\",\"@id\":\"https:\\\/\\\/tudomicilioenundia.cl\\\/laserena\\\/#\\\/schema\\\/logo\\\/image\\\/\",\"url\":\"https:\\\/\\\/tudomicilioenundia.cl\\\/laserena\\\/wp-content\\\/uploads\\\/2021\\\/01\\\/tudomicilioenundiaweb.png\",\"contentUrl\":\"https:\\\/\\\/tudomicilioenundia.cl\\\/laserena\\\/wp-content\\\/uploads\\\/2021\\\/01\\\/tudomicilioenundiaweb.png\",\"width\":400,\"height\":192,\"caption\":\"Tudomicilioenundia La Serena\"},\"image\":{\"@id\":\"https:\\\/\\\/tudomicilioenundia.cl\\\/laserena\\\/#\\\/schema\\\/logo\\\/image\\\/\"},\"sameAs\":[\"https:\\\/\\\/www.facebook.com\\\/ovpvirtualpyme\\\/\",\"https:\\\/\\\/www.instagram.com\\\/oficinasovp\\\/\",\"https:\\\/\\\/www.youtube.com\\\/watch?v=T162x240ou8\"]}]}<\/script>\n<!-- \/ Yoast SEO plugin. -->","yoast_head_json":{"title":"Precios Planes | La Serena desde $14.990 - tudomicilioenundia","description":"Planes Oficina Virtual desde $17.990. Contrato en 24 Hrs. Ahorra m\u00e1s contratando Online. Incluye horas Sala de reuni\u00f3n y Oficina privada.","robots":{"index":"index","follow":"follow","max-snippet":"max-snippet:-1","max-image-preview":"max-image-preview:large","max-video-preview":"max-video-preview:-1"},"canonical":"https:\/\/tudomicilioenundia.cl\/laserena\/precios-planes\/","og_locale":"es_ES","og_type":"article","og_title":"Precios Planes | La Serena desde $14.990 - tudomicilioenundia","og_description":"Planes Oficina Virtual desde $17.990. Contrato en 24 Hrs. Ahorra m\u00e1s contratando Online. Incluye horas Sala de reuni\u00f3n y Oficina privada.","og_url":"https:\/\/tudomicilioenundia.cl\/laserena\/precios-planes\/","og_site_name":"tudomicilioenundia","article_publisher":"https:\/\/www.facebook.com\/ovpvirtualpyme\/","article_modified_time":"2025-08-25T22:23:03+00:00","twitter_card":"summary_large_image","twitter_misc":{"Tiempo de lectura":"3 minutos"},"schema":{"@context":"https:\/\/schema.org","@graph":[{"@type":"WebPage","@id":"https:\/\/tudomicilioenundia.cl\/laserena\/precios-planes\/","url":"https:\/\/tudomicilioenundia.cl\/laserena\/precios-planes\/","name":"Precios Planes | La Serena desde $14.990 - tudomicilioenundia","isPartOf":{"@id":"https:\/\/tudomicilioenundia.cl\/laserena\/#website"},"datePublished":"2019-05-07T05:22:37+00:00","dateModified":"2025-08-25T22:23:03+00:00","description":"Planes Oficina Virtual desde $17.990. Contrato en 24 Hrs. Ahorra m\u00e1s contratando Online. Incluye horas Sala de reuni\u00f3n y Oficina privada.","breadcrumb":{"@id":"https:\/\/tudomicilioenundia.cl\/laserena\/precios-planes\/#breadcrumb"},"inLanguage":"es","potentialAction":[{"@type":"ReadAction","target":["https:\/\/tudomicilioenundia.cl\/laserena\/precios-planes\/"]}]},{"@type":"BreadcrumbList","@id":"https:\/\/tudomicilioenundia.cl\/laserena\/precios-planes\/#breadcrumb","itemListElement":[{"@type":"ListItem","position":1,"name":"Portada","item":"https:\/\/tudomicilioenundia.cl\/laserena\/"},{"@type":"ListItem","position":2,"name":"Precios Planes | La Serena desde $14.990"}]},{"@type":"WebSite","@id":"https:\/\/tudomicilioenundia.cl\/laserena\/#website","url":"https:\/\/tudomicilioenundia.cl\/laserena\/","name":"tudomicilioenundia","description":"Domicilio Comercial y Tributario","publisher":{"@id":"https:\/\/tudomicilioenundia.cl\/laserena\/#organization"},"potentialAction":[{"@type":"SearchAction","target":{"@type":"EntryPoint","urlTemplate":"https:\/\/tudomicilioenundia.cl\/laserena\/?s={search_term_string}"},"query-input":{"@type":"PropertyValueSpecification","valueRequired":true,"valueName":"search_term_string"}}],"inLanguage":"es"},{"@type":"Organization","@id":"https:\/\/tudomicilioenundia.cl\/laserena\/#organization","name":"Tudomicilioenundia La Serena","url":"https:\/\/tudomicilioenundia.cl\/laserena\/","logo":{"@type":"ImageObject","inLanguage":"es","@id":"https:\/\/tudomicilioenundia.cl\/laserena\/#\/schema\/logo\/image\/","url":"https:\/\/tudomicilioenundia.cl\/laserena\/wp-content\/uploads\/2021\/01\/tudomicilioenundiaweb.png","contentUrl":"https:\/\/tudomicilioenundia.cl\/laserena\/wp-content\/uploads\/2021\/01\/tudomicilioenundiaweb.png","width":400,"height":192,"caption":"Tudomicilioenundia La Serena"},"image":{"@id":"https:\/\/tudomicilioenundia.cl\/laserena\/#\/schema\/logo\/image\/"},"sameAs":["https:\/\/www.facebook.com\/ovpvirtualpyme\/","https:\/\/www.instagram.com\/oficinasovp\/","https:\/\/www.youtube.com\/watch?v=T162x240ou8"]}]}},"_links":{"self":[{"href":"https:\/\/tudomicilioenundia.cl\/laserena\/wp-json\/wp\/v2\/pages\/2988","targetHints":{"allow":["GET"]}}],"collection":[{"href":"https:\/\/tudomicilioenundia.cl\/laserena\/wp-json\/wp\/v2\/pages"}],"about":[{"href":"https:\/\/tudomicilioenundia.cl\/laserena\/wp-json\/wp\/v2\/types\/page"}],"author":[{"embeddable":true,"href":"https:\/\/tudomicilioenundia.cl\/laserena\/wp-json\/wp\/v2\/users\/1"}],"replies":[{"embeddable":true,"href":"https:\/\/tudomicilioenundia.cl\/laserena\/wp-json\/wp\/v2\/comments?post=2988"}],"version-history":[{"count":8,"href":"https:\/\/tudomicilioenundia.cl\/laserena\/wp-json\/wp\/v2\/pages\/2988\/revisions"}],"predecessor-version":[{"id":22663,"href":"https:\/\/tudomicilioenundia.cl\/laserena\/wp-json\/wp\/v2\/pages\/2988\/revisions\/22663"}],"wp:attachment":[{"href":"https:\/\/tudomicilioenundia.cl\/laserena\/wp-json\/wp\/v2\/media?parent=2988"}],"curies":[{"name":"wp","href":"https:\/\/api.w.org\/{rel}","templated":true}]}}